-104650)/(-1) + 0 a prime number?
False
Let o = 40 - 39. Is (17598/(-126))/(o*1/(-9)) a prime number?
False
Let r(c) = -c**3 - 5*c**2 + 4. Let n be r(-5). Let t be 9/2 - n/(-8). Suppose 6 = -t*y + 181. Is y composite?
True
Let o be (-23060)/25 - 6/10. Let m = -1876 - o. Let g = -622 - m. Is g composite?
False
Let k = 126 - 117. Suppose 13549 = k*s + 8*s. Is s composite?
False
Suppose -3*u = 2*u + 3*k + 55, -5*k = -25. Let j = u + 17. Suppose -3*x = 3*y - 1488, 2*y + 506 = 3*y + j*x. Is y a prime number?
True
Let h(u) = -3*u - 9. Let c be h(-6). Let o be (24/c)/(1/(-3)). Is (163 + 0)*(-7 - o) composite?
False
Suppose -6*f + 4*f - 5*a = -16, 4*a + 1 = 3*f. Suppose -f*t + 2*k - 5*k = -3327, 0 = -2*k - 10. Is t prime?
False
Let z(x) = -20*x**2 + 5*x + 15. Let g be z(-7). Let c = 1979 + g. Is c composite?
True
Suppose -7*c + 23*c - 7184 = 0. Is c a composite number?
False
Suppose 0 = -4*w + 4*r + 8, 0 = 3*w - r - 4 - 6. Suppose f + w + 0 = 0. Let b(p) = -11*p - 7. Is b(f) composite?
False
Let x = 930 - 219. Suppose -560 = -5*j - 2780. Let k = x + j. Is k a composite number?
True
Suppose 3*c + 5683 = -0*m - 2*m, 3*m = -4*c - 8525. Is -3*(8/(-44) - m/(-33)) composite?
True
Let l(d) be the second derivative of -181*d**4/2 - d**3/3 + d**2/2 - 5*d. Let f be l(1). Let m = f + 1556. Is m composite?
True
Let t(w) = -w - 1. Let j(g) = g - 4. Let z(n) = -n + 3. Let k(l) = 7*j(l) + 6*z(l). Let a(x) = k(x) - 4*t(x). Is a(4) prime?
False
Suppose 0 = -k - 2*k + 840. Let b = -77 + k. Is b prime?
False
Is ((-2402822)/(-89))/(-1 + -2 + 5) a composite number?
False
Is ((-497)/14)/(4/(-24)) composite?
True
Suppose -3*c + 4 = -c. Suppose -2 + 152 = c*k. Let u = k + 86. Is u a composite number?
True
Let b(m) = 78400*m**2 + 59*m - 58. Is b(1) prime?
True
Let h = 1226 - 355. Is h a prime number?
False
Suppose 3*g - 2943 = -2*h + 2176, -5*h + 4*g = -12786. Is h a prime number?
False
Let a be -1 - (7/(-5) + (-8)/(-20)). Is (-339)/(9/(-69) + a) a prime number?
False
Suppose -3*v + 1900 = 2*v. Suppose 0 = 2*o - 2*w - 294, -4*o - w + v = -218. Is o prime?
True
Let p(b) = -b**2 + 4. Let w be p(-5). Let c = -83 + 253. Let x = c + w. Is x a composite number?
False
Suppose 3*o = -4*t - 3051, -5*t + 2*o - 5*o - 3810 = 0. Let p = t - -4406. Is p a composite number?
True
Let l = -26 - -25. Let u be (3/6)/(l/(-3134)). Suppose -4*b - k = -u, -b + 3*b = -5*k + 797. Is b a prime number?
False
Let o = -1104 - -3637. Is o composite?
True
Suppose -4*i - 1924 = -3*i. Let q = i + -421. Is q/(-11) - (-8)/(-44) composite?
True
Let y = 17 - 15. Let x(h) = 10*h**3 - 2*h**2 - 3. Is x(y) a composite number?
True
Suppose -3*p = -p + 2*u - 14, 10 = 4*p - 5*u. Let v be p + -40 - 9/3. Is v*(-6)/3 - -3 a prime number?
True
Is (-8 - 495)/(44/(-43) + 1) a prime number?
False
Is (-11967)/((-1)/((-1)/1 + 2)) composite?
True
Suppose 8 = 2*s, -2*k - k + 35 = 2*s. Suppose -k*m + 1156 = -5*m. Is m a composite number?
True
Let t(m) be the second derivative of -m**3/6 + 4*m**2 + 5*m. Let v be t(5). Suppose -3*l = v, 0 = 5*p - l + 3*l - 168. Is p composite?
True
Suppose -3*l + s = 4*s + 546, 3*l + 551 = -2*s. Is 5 + -4 - 3 - l prime?
False
Suppose -4*t + g + 14 = 0, -g - g + 5 = 3*t. Let a be (-1)/3*(t - 3). Suppose 2*n + 4*f - 182 = -a*n, 4*n - f - 391 = 0. Is n prime?
True
Suppose -9*x + 7*x - 3762 = 0. Let p = 3340 + x. Is p prime?
True
Suppose 8139 = j + g - 0*g, g + 1 = 0. Let z = j - 5619. Is z prime?
True
Let d(j) be the second derivative of 11/6*j**4 + 0*j**3 + 0 + j - 9/2*j**2. Is d(5) a prime number?
True
Is (7 - (6 + -4) - -28902) + -6 a composite number?
False
Suppose 0 = 10*a - 213746 - 328944. Is a prime?
True
Let r = 112 - 108. Suppose 0 = -3*u - 3*i + 4410, 0 = -r*u + 9*i - 7*i + 5886. Is u a composite number?
False
Suppose 972*w - 60295 = 967*w. Is w a composite number?
True
Let x(u) = 5*u - 2. Let z be x(1). Suppose 15 = z*q - 0. Suppose 0 = 8*s - q*s - 582. Is s composite?
True
Let d(m) = 119*m**2 + m - 3. Let o be d(2). Suppose -o = 2*p - 3833. Is p composite?
True
Let b = -37 + -166. Let g = b - -318. Is g prime?
False
Suppose 3*p - p = 468. Let w = p - -815. Is w a composite number?
False
Suppose 19*s = 100218 + 201293. Is s prime?
False
Let u(f) = 15*f**3 + f**2 - 1. Let o be u(-2). Let z(s) = 99*s + 11. Let a be z(3). Let j = o + a. Is j a composite number?
False
Suppose -7 = -n + 7. Suppose 3*a + 22 = -n. Is (-225)/a + 4/16 a prime number?
True
Let a(v) = -272*v**3 + v**2 - 1. Let f be a(-1). Suppose 45 = h - 5*u - f, 0 = 5*h - 3*u - 1673. Is h prime?
True
Suppose 3*l - 4445 - 3006 = -t, -2*l - 5*t = -4976. Is l a prime number?
False
Is 9/(72/9344) + 3 a composite number?
False
Suppose -5*g - 25 = 4*l, l = 3*l - 3*g - 15. Suppose 5*r = -l*r. Suppose 0 = -r*a + 3*a - 279. Is a a composite number?
True
Suppose -5*u - 80 = -4*s, 0 = 4*u - 5*s + 4 + 69. Let p be u/(-8) - 33/6. Is ((-1065)/(-20))/((-1)/p) prime?
False
Let y(t) = 1387*t**2 - 3. Is y(-4) composite?
False
Suppose 3*w = -4*g + 57110 + 45567, -4*w = -4*g - 136940. Is w composite?
False
Let l be (1/(-1))/((-6)/(-54)). Let o(x) = -x**3 - 7*x**2 - 5*x + 9. Let k be o(l). Suppose -2*p - u + k = 0, 3*p + 4*u + u - 317 = 0. Is p prime?
True
Let w = 8793 - 736. Is w composite?
True
Is 2404 - 36 - 1*-1 a prime number?
False
Let f = 106866 - 5237. Is f a composite number?
True
Let u(a) = -250*a - 49*a + 1 + 0 - 12. Is u(-6) prime?
True
Suppose 2*g - 2235 = -3*n, 0 = 18*n - 14*n + 5*g - 2987. Is n a prime number?
True
Let c be (-1 - (-5 - -3))*(0 - -387). Suppose 0 = t - 2, 4*t - t = 3*k - c. Is k a prime number?
True
Let p(y) be the first derivative of 9*y**2 - 47*y + 17. Is p(12) a prime number?
False
Suppose 13 = 4*o - 3*n, 0 = -0*o - 4*o + n + 7. Is o/((-4107)/1027 + 4) a composite number?
True
Let k = -11666 - -6630. Let b = -2935 - k. Is b prime?
False
Suppose 5*q + 1707355 = 18*q. Is q prime?
False
Suppose 0 = -w + 2*s, -2*s - 23 = 4*w + 27. Is w/(-6)*(1 - -8) - 2 prime?
True
Let c = -6446 + 10773. Is c prime?
True
Let f be 1 + -3 - (1 + (7 - -5)). Let v(m) = 6*m**2 + 7*m - 2. Is v(f) a composite number?
True
Let i = 776 + -2. Suppose -i = a - 2125. Is a a composite number?
True
Let c(x) = x**2 + 9*x - 6. Let j be c(-10). Suppose -l = j, 2*u - 2*l - 1082 = l. Is u prime?
False
Suppose -3*o + 52 = -5*d, 4*d - 6*d = 2*o - 40. Suppose 24*b = o*b + 565. Is b a composite number?
False
Let t be (-5 + 66/18)/((-2)/(-36)). Is 2*(-1)/(-12) - 3476/t prime?
False
Let t(x) = x**3 + 14*x**2 - 7*x - 11. Let m(y) = -y**2 - 2*y + 3. Let o(k) = -k**2 - 1. Let s(p) = m(p) + 3*o(p). Let b be s(-2). Is t(b) a composite number?
True
Suppose -3*r = -4*v + 6550, -2*v - 3*v + 8191 = -2*r. Is v a prime number?
False
Let i = -60 + 539. Let g = i - -764. Is g composite?
True
Let m be (-4)/6 + 1 + 154/42. Suppose 2*g + 2*g - 8416 = m*w, -5*g + 10485 = 2*w. Is g a prime number?
True
Let m(y) be the second derivative of y**3/3 - 21*y**2/2 + 12*y. Let l be m(16). Suppose 13*t = l*t + 658. Is t composite?
True
Suppose -5*x - o + 11608 = 0, 4*x + 65*o - 64*o - 9287 = 0. Is x composite?
True
Let i(x) be the first derivative of -2/3*x**3 + 1/2*x**2 + 0*x + 33*x**4 + 5. Is i(1) composite?
False
Suppose 4*u = -l + 24, -u + 4*u + 5*l = 18. Suppose 0 = -r + 4*o + 119, -2*r - o = -u*r + 506. Is r a prime number?
True
Let z = 7 - 13. Is 5/30 + (-13901)/z prime?
False
Suppose -12 = -4*v + 8. Suppose -3*f + v*r = 3*r - 386, -4*f - 4*r + 528 = 0. Let i = -41 + f. Is i prime?
True
Let y be 49 + -3 - (-4 - -3). Suppose s = 2*s - 20. Let k = s + y. Is k a composite number?
False
Let r(p) = p**3 + 5*p**2 + 5*p + 8. Let k be r(-4). Let i(b) = 19*b + 1. Is i(k) prime?
False
Let w(v) = 23*v**3 - v**2 - 2*v + 16. Let l be w(6). Let i = -2193 + l. Is i composite?
True
Suppose 33*v = 21082 + 4889. Is v a prime number?
True
Suppose -4*x + 40582 = 2*t, 3*t - 3*x - 34826 - 26029 = 0. Is t prime?
True
Let c = -227 + 428. Is c a composite number?
True
Let k = 7 - -8. Suppose -k = 3*p + 4*l, -l + 14 = -5*p - 4*l. Let x(c) = -111*c**3 - c**2 - c. Is x(p) a prime number?
False
Suppose 0 = -5*x + 205 + 170. Is 1/5 + 23910/x prime?
False
Let r be ((-50964)/8)/(6/(-8)). Suppose -h + 1708 = -5*y, -h - 4*h + r = -2*y. Let p = h - 1009. Is p a composite number?
True
Suppose 0*p + 4*p - 3*t = -38,